housands digit of 40337?
4
What is the tens digit of 5779?
7
What is the hundreds digit of 9682?
6
What is the tens digit of 1348?
4
What is the hundreds digit of 4159?
1
What is the tens digit of 916?
1
What is the units digit of 18897?
7
What is the units digit of 3194?
4
What is the thousands digit of 3293?
3
What is the hundreds digit of 5038?
0
What is the hundreds digit of 480?
4
What is the hundreds digit of 73770?
7
What is the units digit of 1350?
0
What is the ten thousands digit of 15665?
1
What is the tens digit of 3462?
6
What is the ten thousands digit of 140029?
4
What is the ten thousands digit of 14446?
1
What is the tens digit of 2042?
4
What is the ten thousands digit of 41674?
4
What is the units digit of 1996?
6
What is the tens digit of 8895?
9
What is the ten thousands digit of 13253?
1
What is the ten thousands digit of 22844?
2
What is the tens digit of 3874?
7
What is the hundreds digit of 1264?
2
What is the thousands digit of 1360?
1
What is the ten thousands digit of 28528?
2
What is the tens digit of 31775?
7
What is the hundreds digit of 75695?
6
What is the thousands digit of 7010?
7
What is the tens digit of 21643?
4
What is the thousands digit of 5129?
5
What is the units digit of 15767?
7
What is the tens digit of 4989?
8
What is the thousands digit of 1376?
1
What is the hundreds digit of 59967?
9
What is the hundreds digit of 37090?
0
What is the units digit of 23959?
9
What is the thousands digit of 10985?
0
What is the ten thousands digit of 99922?
9
What is the units digit of 23621?
1
What is the tens digit of 4675?
7
What is the units digit of 33504?
4
What is the hundreds digit of 1884?
8
What is the hundreds digit of 879?
8
What is the thousands digit of 7526?
7
What is the units digit of 4861?
1
What is the tens digit of 4768?
6
What is the thousands digit of 31700?
1
What is the thousands digit of 3229?
3
What is the hundreds digit of 11216?
2
What is the thousands digit of 4605?
4
What is the tens digit of 12180?
8
What is the thousands digit of 10100?
0
What is the units digit of 819?
9
What is the units digit of 18?
8
What is the thousands digit of 44916?
4
What is the units digit of 249?
9
What is the thousands digit of 4948?
4
What is the units digit of 49?
9
What is the hundreds digit of 2166?
1
What is the tens digit of 936?
3
What is the thousands digit of 4770?
4
What is the tens digit of 162451?
5
What is the tens digit of 680?
8
What is the tens digit of 712?
1
What is the tens digit of 165?
6
What is the hundreds digit of 1268?
2
What is the hundreds digit of 4865?
8
What is the hundreds digit of 7052?
0
What is the thousands digit of 6302?
6
What is the thousands digit of 2050?
2
What is the thousands digit of 1165?
1
What is the tens digit of 8437?
3
What is the hundreds digit of 137?
1
What is the hundreds digit of 1522?
5
What is the units digit of 31854?
4
What is the units digit of 2472?
2
What is the ten thousands digit of 49523?
4
What is the thousands digit of 17496?
7
What is the hundreds digit of 3335?
3
What is the thousands digit of 13374?
3
What is the units digit of 115?
5
What is the units digit of 5064?
4
What is the hundreds digit of 214?
2
What is the hundreds digit of 5856?
8
What is the tens digit of 40610?
1
What is the thousands digit of 3444?
3
What is the tens digit of 2244?
4
What is the tens digit of 2233?
3
What is the units digit of 5435?
5
What is the thousands digit of 3111?
3
What is the tens digit of 6135?
3
What is the hundreds digit of 68402?
4
What is the tens digit of 24225?
2
What is the units digit of 214?
4
What is the hundreds digit of 5479?
4
What is the units digit of 93214?
4
What is the units digit of 130?
0
What is the hundreds digit of 50962?
9
What is the ten thousands digit of 41911?
4
What is the hundred thousands digit of 107306?
1
What is the hundreds digit of 1302?
3
What is the ten thousands digit of 43420?
4
What is the hundreds digit of 3585?
5
What is the tens digit of 2419?
1
What is the units digit of 282?
2
What is the thousands digit of 14342?
4
What is the units digit of 72970?
0
What is the thousands digit of 26458?
6
What is the units digit of 16?
6
What is the units digit of 1050?
0
What is the hundreds digit of 145?
1
What is the units digit of 7732?
2
What is the units digit of 1479?
9
What is the tens digit of 3145?
4
What is the units digit of 60355?
5
What is the hundreds digit of 567?
5
What is the hundreds digit of 1415?
4
What is the hundreds digit of 7207?
2
What is the units digit of 6224?
4
What is the thousands digit of 9590?
9
What is the units digit of 34606?
6
What is the thousands digit of 2202?
2
What is the tens digit of 1080?
8
What is the hundreds digit of 499?
4
What is the tens digit of 1982?
8
What is the tens digit of 1137?
3
What is the ten thousands digit of 10749?
1
What is the tens digit of 2217?
1
What is the units digit of 2003?
3
What is the ten thousands digit of 55880?
5
What is the thousands digit of 6306?
6
What is the units digit of 756?
6
What is the tens digit of 504?
0
What is the thousands digit of 20352?
0
What is the thousands digit of 1703?
1
What is the thousands digit of 63557?
3
What is the tens digit of 1216?
1
What is the units digit of 100548?
8
What is the units digit of 10113?
3
What is the tens digit of 2078?
7
What is the tens digit of 263?
6
What is the ten thousands digit of 18554?
1
What is the hundreds digit of 4899?
8
What is the thousands digit of 35437?
5
What is the tens digit of 2692?
9
What is the hundreds digit of 19900?
9
What is the hundreds digit of 11581?
5
What is the ten thousands digit of 70662?
7
What is the hundreds digit of 756?
7
What is the thousands digit of 24378?
4
What is the thousands digit of 3212?
3
What is the thousands digit of 51635?
1
What is the tens digit of 15048?
4
What is the thousands digit of 4030?
4
What is the tens digit of 6746?
4
What is the units digit of 4556?
6
What is the hundreds digit of 704?
7
What is the units digit of 9659?
9
What is the hundreds digit of 1658?
6
What is the units digit of 122188?
8
What is the tens digit of 10009?
0
What is the tens digit of 27483?
8
What is the thousands digit of 6249?
6
What is the thousands digit of 23928?
3
What is the units digit of 5565?
5
What is the units digit of 13007?
7
What is the units digit of 980?
0
What is the units digit of 531?
1
What is the thousands digit of 1458?
1
What is the ten thousands digit of 15770?
1
What is the ten thousands digit of 50179?
5
What is the hundreds digit of 1210?
2
What is the hundreds digit of 3241?
2
What is the ten thousands digit of 112657?
1
What is the units digit of 1278?
8
What is the tens digit of 6355?
5
What is the hundreds digit of 3224?
2
What is the hundreds digit of 163?
1
What is the units digit of 19120?
0
What is the tens digit of 7681?
8
What is the thousands digit of 9565?
9
What is the hundreds digit of 575?
5
What is the tens digit of 5366?
6
What is the units digit of 964?
4
What is the hundreds digit of 1388?
3
What is the tens digit of 334?
3
What is the units digit of 53652?
2
What is the thousands digit of 10195?
0
What is the tens digit of 3983?
8
What is the thousands digit of 65255?
5
What is the units digit of 18107?
7
What is the thousands digit of 5412?
5
What is the hundreds digit of 683?
6
What is the hundreds digit of 5545?
5
What is the units digit of 673?
3
What is the ten thousands digit of 59855?
5
What is the units digit of 2843?
3
What is the ten thousands digit of 18345?
1
What is the thousands digit of 7307?
7
What is the units digit of 1264?
4
What is the thousands digit of 71584?
1
What is the thousands digit of 8090?
8
What is the tens digit of 929?
2
What is the units digit of 183504?
4
What is the units digit of 4510?
0
What is the tens digit of 2706?
0
What is the hundreds digit of 556?
5
What is the thousands digit of 6723?
6
What is the hundreds digit of 1936?
9
What is the units digit of 582?
2
What is the units digit of 1539?
9
What is the ten thousands digit of 23638?
2
What is the units digit of 42222?
2
What is the thousands digit of 1007?
1
What is the ten thousands digit of 10697?
1
What is the hundreds digit of 7723?
7
What is the units digit of 861?
1
What is the tens digit o